{"version":"1.0","provider_name":"Visit Bratislava","provider_url":"https:\/\/dev.visitbratislava.com\/sk\/","author_name":"wfadmin","author_url":"https:\/\/dev.visitbratislava.com\/sk\/author\/wfadmin\/","title":"Dejiny Slovenska: Od praveku po Ve\u013ek\u00fa Moravu - Visit Bratislava","type":"rich","width":600,"height":338,"html":"<blockquote class=\"wp-embedded-content\" data-secret=\"Z2sOsyQPRX\"><a href=\"https:\/\/dev.visitbratislava.com\/sk\/events\/dejiny-slovenska-od-praveku-po-velku-moravu-2\/\">Dejiny Slovenska: Od praveku po Ve\u013ek\u00fa Moravu<\/a><\/blockquote><iframe sandbox=\"allow-scripts\" security=\"restricted\" src=\"https:\/\/dev.visitbratislava.com\/sk\/events\/dejiny-slovenska-od-praveku-po-velku-moravu-2\/embed\/#?secret=Z2sOsyQPRX\" width=\"600\" height=\"338\" title=\"&#8220;Dejiny Slovenska: Od praveku po Ve\u013ek\u00fa Moravu&#8221; &#8212; Visit Bratislava\" data-secret=\"Z2sOsyQPRX\" frameborder=\"0\" marginwidth=\"0\" marginheight=\"0\" scrolling=\"no\" class=\"wp-embedded-content\"><\/iframe><script>\n\/*! This file is auto-generated *\/\n!function(d,l){\"use strict\";l.querySelector&&d.addEventListener&&\"undefined\"!=typeof URL&&(d.wp=d.wp||{},d.wp.receiveEmbedMessage||(d.wp.receiveEmbedMessage=function(e){var t=e.data;if((t||t.secret||t.message||t.value)&&!\/[^a-zA-Z0-9]\/.test(t.secret)){for(var s,r,n,a=l.querySelectorAll('iframe[data-secret=\"'+t.secret+'\"]'),o=l.querySelectorAll('blockquote[data-secret=\"'+t.secret+'\"]'),c=new RegExp(\"^https?:$\",\"i\"),i=0;i<o.length;i++)o[i].style.display=\"none\";for(i=0;i<a.length;i++)s=a[i],e.source===s.contentWindow&&(s.removeAttribute(\"style\"),\"height\"===t.message?(1e3<(r=parseInt(t.value,10))?r=1e3:~~r<200&&(r=200),s.height=r):\"link\"===t.message&&(r=new URL(s.getAttribute(\"src\")),n=new URL(t.value),c.test(n.protocol))&&n.host===r.host&&l.activeElement===s&&(d.top.location.href=t.value))}},d.addEventListener(\"message\",d.wp.receiveEmbedMessage,!1),l.addEventListener(\"DOMContentLoaded\",function(){for(var e,t,s=l.querySelectorAll(\"iframe.wp-embedded-content\"),r=0;r<s.length;r++)(t=(e=s[r]).getAttribute(\"data-secret\"))||(t=Math.random().toString(36).substring(2,12),e.src+=\"#?secret=\"+t,e.setAttribute(\"data-secret\",t)),e.contentWindow.postMessage({message:\"ready\",secret:t},\"*\")},!1)))}(window,document);\n\/\/# sourceURL=https:\/\/dev.visitbratislava.com\/wp-includes\/js\/wp-embed.min.js\n<\/script>\n","thumbnail_url":"https:\/\/dev.visitbratislava.com\/wp-content\/uploads\/2026\/08\/975870-383.jpg","thumbnail_width":1,"thumbnail_height":1,"description":"Z najstar\u0161\u00edch obdob\u00ed pr\u00edtomnosti \u010dloveka na slovenskom \u00fazem\u00ed nies\u00fa \u017eiadne p\u00edsomn\u00e9 spr\u00e1vy. Jedin\u00fdm svedectvom ich \u017eivota s\u00fa archeologick\u00e9 a antropologick\u00e9 n\u00e1lezy. Tie dokazuj\u00fa, \u017ee prv\u00ed \u013eudia sa tu us\u00eddlili u\u017e pred pol mili\u00f3nom rokov. Ich hmotn\u00e1 kult\u00fara dokumentuje spolo\u010densk\u00fd v\u00fdvoj a rozvoj technol\u00f3gi\u00ed, ako aj vplyv civiliza\u010dn\u00fdch \u010di kult\u00farnych podnetov z okolia, predov\u0161etk\u00fdm zo stredomorskej [&hellip;]"}

Dejiny Slovenska: Od praveku po Veľkú Moravu - Visit Bratislava

<blockquote class="wp-embedded-content" data-secret="Z2sOsyQPRX"><a href="https://dev.visitbratislava.com/sk/events/dejiny-slovenska-od-praveku-po-velku-moravu-2/">Dejiny Slovenska: Od praveku po Veľkú Moravu</a></blockquote><iframe sandbox="allow-scripts" security="restricted" src="https://dev.visitbratislava.com/sk/events/dejiny-slovenska-od-praveku-po-velku-moravu-2/embed/#?secret=Z2sOsyQPRX" width="600" height="338" title="&#8220;Dejiny Slovenska: Od praveku po Veľkú Moravu&#8221; &#8212; Visit Bratislava" data-secret="Z2sOsyQPRX" frameborder="0" marginwidth="0" marginheight="0" scrolling="no" class="wp-embedded-content"></iframe><script>
/*! This file is auto-generated */
!function(d,l){"use strict";l.querySelector&&d.addEventListener&&"undefined"!=typeof URL&&(d.wp=d.wp||{},d.wp.receiveEmbedMessage||(d.wp.receiveEmbedMessage=function(e){var t=e.data;if((t||t.secret||t.message||t.value)&&!/[^a-zA-Z0-9]/.test(t.secret)){for(var s,r,n,a=l.querySelectorAll('iframe[data-secret="'+t.secret+'"]'),o=l.querySelectorAll('blockquote[data-secret="'+t.secret+'"]'),c=new RegExp("^https?:$","i"),i=0;i<o.length;i++)o[i].style.display="none";for(i=0;i<a.length;i++)s=a[i],e.source===s.contentWindow&&(s.removeAttribute("style"),"height"===t.message?(1e3<(r=parseInt(t.value,10))?r=1e3:~~r<200&&(r=200),s.height=r):"link"===t.message&&(r=new URL(s.getAttribute("src")),n=new URL(t.value),c.test(n.protocol))&&n.host===r.host&&l.activeElement===s&&(d.top.location.href=t.value))}},d.addEventListener("message",d.wp.receiveEmbedMessage,!1),l.addEventListener("DOMContentLoaded",function(){for(var e,t,s=l.querySelectorAll("iframe.wp-embedded-content"),r=0;r<s.length;r++)(t=(e=s[r]).getAttribute("data-secret"))||(t=Math.random().toString(36).substring(2,12),e.src+="#?secret="+t,e.setAttribute("data-secret",t)),e.contentWindow.postMessage({message:"ready",secret:t},"*")},!1)))}(window,document);
//# sourceURL=https://dev.visitbratislava.com/wp-includes/js/wp-embed.min.js
</script>

Z najstarších období prítomnosti človeka na slovenskom území niesú žiadne písomné správy. Jediným svedectvom ich života sú archeologické a antropologické nálezy. Tie dokazujú, že prví ľudia sa tu usídlili už pred pol miliónom rokov. Ich hmotná kultúra dokumentuje spoločenský vývoj a rozvoj technológií, ako aj vplyv civilizačných či kultúrnych podnetov z okolia, predovšetkým zo stredomorskej [&hellip;]
