{"id":6721,"date":"2025-11-18T09:33:48","date_gmt":"2025-11-18T08:33:48","guid":{"rendered":"https:\/\/dev.visitbratislava.com\/events\/stlp-marca-aurelia-a-slovensko-2\/"},"modified":"2025-11-18T09:33:48","modified_gmt":"2025-11-18T08:33:48","slug":"stlp-marca-aurelia-a-slovensko-2","status":"publish","type":"events","link":"https:\/\/dev.visitbratislava.com\/sk\/events\/stlp-marca-aurelia-a-slovensko-2\/","title":{"rendered":"St\u013ap Marca Aurelia a Slovensko"},"content":{"rendered":"<p><strong>St\u013ap Marca Aurelia a Slovensko.<\/strong><\/p>\n<p>V 1. \u2013 4. storo\u010d\u00ed bolo slovensk\u00e9 \u00fazemie, na ktorom vtedy \u017eili pr\u00edslu\u0161n\u00edci germ\u00e1nskych kme\u0148ov, v tesnom dotyku s antick\u00fdm svetom. Okrem obchodu a kult\u00farneho ovplyv\u0148ovania doch\u00e1dzalo medzi Rimanmi a Germ\u00e1nmi aj k vojn\u00e1m. Naj\u0165a\u017e\u0161ie boje prebiehali v rokoch 160-180, tzv. markomansk\u00e9 vojny. Rimania veden\u00ed cis\u00e1rom Marcom Aureliom zv\u00ed\u0165azili. Hoci s\u00e1m cis\u00e1r zomrel na bojisku ako obe\u0165 moru, v R\u00edme postavili na jeho po\u010des\u0165 30 m vysok\u00fd triumf\u00e1lny st\u013ap. Ten tu stoj\u00ed dodnes. Na st\u013ape s\u00fa vyobrazenia z bojov, medzi in\u00fdm aj udalosti, ktor\u00e9 sa odohrali na slovenskom \u00fazem\u00ed.<\/p>\n<p>Koncom 19. stor. boli z niektor\u00fdch sc\u00e9n stiahnut\u00e9 formy a ulo\u017een\u00e9 v Berl\u00edne. Pracovn\u00edkom SNM-Archeologick\u00e9ho m\u00fazea sa ich podarilo objavi\u0165. Tri sc\u00e9ny (r\u00edmska hranica, tzv. z\u00e1zra\u010dn\u00fd d\u00e1\u017e\u010f a odv\u00e1dzanie barbarov do zajatia) boli odliate a prevezen\u00e9 do m\u00fazea, kde s\u00fa vystaven\u00e9. Ich v\u00fdznam pod\u010diarkuje skuto\u010dnos\u0165, \u017ee ide o najstar\u0161\u00ed ikonografick\u00fd doklad zo slovensk\u00e9ho \u00fazemia v\u00f4bec.<\/p>\n","protected":false},"excerpt":{"rendered":"<p>St\u013ap Marca Aurelia a Slovensko. V 1. \u2013 4. storo\u010d\u00ed bolo slovensk\u00e9 \u00fazemie, na ktorom vtedy \u017eili pr\u00edslu\u0161n\u00edci germ\u00e1nskych kme\u0148ov, v tesnom dotyku s antick\u00fdm svetom. Okrem obchodu a kult\u00farneho ovplyv\u0148ovania doch\u00e1dzalo medzi Rimanmi a Germ\u00e1nmi aj k vojn\u00e1m. Naj\u0165a\u017e\u0161ie boje prebiehali v rokoch 160-180, tzv. markomansk\u00e9 vojny. Rimania veden\u00ed cis\u00e1rom Marcom Aureliom zv\u00ed\u0165azili. Hoci [&hellip;]<\/p>\n","protected":false},"author":1,"featured_media":6718,"menu_order":0,"template":"","events_category":[351],"price":[],"accesibility":[],"region":[],"class_list":["post-6721","events","type-events","status-publish","has-post-thumbnail","hentry","events_category-expozicie"],"acf":[],"yoast_head":"<!-- This site is optimized with the Yoast SEO plugin v28.1 - https:\/\/yoast.com\/product\/yoast-seo-wordpress\/ -->\n<title>St\u013ap Marca Aurelia a Slovensko - Visit Bratislava<\/title>\n<meta name=\"robots\" content=\"noindex, follow, max-snippet:-1, max-image-preview:large, max-video-preview:-1\" \/>\n<meta property=\"og:locale\" content=\"sk_SK\" \/>\n<meta property=\"og:type\" content=\"article\" \/>\n<meta property=\"og:title\" content=\"St\u013ap Marca Aurelia a Slovensko - Visit Bratislava\" \/>\n<meta property=\"og:description\" content=\"St\u013ap Marca Aurelia a Slovensko. V 1. \u2013 4. storo\u010d\u00ed bolo slovensk\u00e9 \u00fazemie, na ktorom vtedy \u017eili pr\u00edslu\u0161n\u00edci germ\u00e1nskych kme\u0148ov, v tesnom dotyku s antick\u00fdm svetom. Okrem obchodu a kult\u00farneho ovplyv\u0148ovania doch\u00e1dzalo medzi Rimanmi a Germ\u00e1nmi aj k vojn\u00e1m. Naj\u0165a\u017e\u0161ie boje prebiehali v rokoch 160-180, tzv. markomansk\u00e9 vojny. Rimania veden\u00ed cis\u00e1rom Marcom Aureliom zv\u00ed\u0165azili. Hoci [&hellip;]\" \/>\n<meta property=\"og:url\" content=\"https:\/\/dev.visitbratislava.com\/sk\/events\/stlp-marca-aurelia-a-slovensko-2\/\" \/>\n<meta property=\"og:site_name\" content=\"Visit Bratislava\" \/>\n<meta name=\"twitter:card\" content=\"summary_large_image\" \/>\n<meta name=\"twitter:label1\" content=\"Predpokladan\u00fd \u010das \u010d\u00edtania\" \/>\n\t<meta name=\"twitter:data1\" content=\"1 min\u00fata\" \/>\n<script type=\"application\/ld+json\" class=\"yoast-schema-graph\">{\"@context\":\"https:\\\/\\\/schema.org\",\"@graph\":[{\"@type\":\"WebPage\",\"@id\":\"https:\\\/\\\/dev.visitbratislava.com\\\/sk\\\/events\\\/stlp-marca-aurelia-a-slovensko-2\\\/\",\"url\":\"https:\\\/\\\/dev.visitbratislava.com\\\/sk\\\/events\\\/stlp-marca-aurelia-a-slovensko-2\\\/\",\"name\":\"St\u013ap Marca Aurelia a Slovensko - Visit Bratislava\",\"isPartOf\":{\"@id\":\"https:\\\/\\\/dev.visitbratislava.com\\\/sk\\\/#website\"},\"primaryImageOfPage\":{\"@id\":\"https:\\\/\\\/dev.visitbratislava.com\\\/sk\\\/events\\\/stlp-marca-aurelia-a-slovensko-2\\\/#primaryimage\"},\"image\":{\"@id\":\"https:\\\/\\\/dev.visitbratislava.com\\\/sk\\\/events\\\/stlp-marca-aurelia-a-slovensko-2\\\/#primaryimage\"},\"thumbnailUrl\":\"https:\\\/\\\/dev.visitbratislava.com\\\/wp-content\\\/uploads\\\/2026\\\/08\\\/1168102-383.jpg\",\"datePublished\":\"2025-11-18T08:33:48+00:00\",\"breadcrumb\":{\"@id\":\"https:\\\/\\\/dev.visitbratislava.com\\\/sk\\\/events\\\/stlp-marca-aurelia-a-slovensko-2\\\/#breadcrumb\"},\"inLanguage\":\"sk-SK\",\"potentialAction\":[{\"@type\":\"ReadAction\",\"target\":[\"https:\\\/\\\/dev.visitbratislava.com\\\/sk\\\/events\\\/stlp-marca-aurelia-a-slovensko-2\\\/\"]}]},{\"@type\":\"ImageObject\",\"inLanguage\":\"sk-SK\",\"@id\":\"https:\\\/\\\/dev.visitbratislava.com\\\/sk\\\/events\\\/stlp-marca-aurelia-a-slovensko-2\\\/#primaryimage\",\"url\":\"https:\\\/\\\/dev.visitbratislava.com\\\/wp-content\\\/uploads\\\/2026\\\/08\\\/1168102-383.jpg\",\"contentUrl\":\"https:\\\/\\\/dev.visitbratislava.com\\\/wp-content\\\/uploads\\\/2026\\\/08\\\/1168102-383.jpg\"},{\"@type\":\"BreadcrumbList\",\"@id\":\"https:\\\/\\\/dev.visitbratislava.com\\\/sk\\\/events\\\/stlp-marca-aurelia-a-slovensko-2\\\/#breadcrumb\",\"itemListElement\":[{\"@type\":\"ListItem\",\"position\":1,\"name\":\"Home\",\"item\":\"https:\\\/\\\/dev.visitbratislava.com\\\/sk\\\/\"},{\"@type\":\"ListItem\",\"position\":2,\"name\":\"Events\",\"item\":\"https:\\\/\\\/dev.visitbratislava.com\\\/sk\\\/events\\\/\"},{\"@type\":\"ListItem\",\"position\":3,\"name\":\"St\u013ap Marca Aurelia a Slovensko\"}]},{\"@type\":\"WebSite\",\"@id\":\"https:\\\/\\\/dev.visitbratislava.com\\\/sk\\\/#website\",\"url\":\"https:\\\/\\\/dev.visitbratislava.com\\\/sk\\\/\",\"name\":\"Visit Bratislava\",\"description\":\"\",\"potentialAction\":[{\"@type\":\"SearchAction\",\"target\":{\"@type\":\"EntryPoint\",\"urlTemplate\":\"https:\\\/\\\/dev.visitbratislava.com\\\/sk\\\/?s={search_term_string}\"},\"query-input\":{\"@type\":\"PropertyValueSpecification\",\"valueRequired\":true,\"valueName\":\"search_term_string\"}}],\"inLanguage\":\"sk-SK\"}]}<\/script>\n<!-- \/ Yoast SEO plugin. -->","yoast_head_json":{"title":"St\u013ap Marca Aurelia a Slovensko - Visit Bratislava","robots":{"index":"noindex","follow":"follow","max-snippet":"max-snippet:-1","max-image-preview":"max-image-preview:large","max-video-preview":"max-video-preview:-1"},"og_locale":"sk_SK","og_type":"article","og_title":"St\u013ap Marca Aurelia a Slovensko - Visit Bratislava","og_description":"St\u013ap Marca Aurelia a Slovensko. V 1. \u2013 4. storo\u010d\u00ed bolo slovensk\u00e9 \u00fazemie, na ktorom vtedy \u017eili pr\u00edslu\u0161n\u00edci germ\u00e1nskych kme\u0148ov, v tesnom dotyku s antick\u00fdm svetom. Okrem obchodu a kult\u00farneho ovplyv\u0148ovania doch\u00e1dzalo medzi Rimanmi a Germ\u00e1nmi aj k vojn\u00e1m. Naj\u0165a\u017e\u0161ie boje prebiehali v rokoch 160-180, tzv. markomansk\u00e9 vojny. Rimania veden\u00ed cis\u00e1rom Marcom Aureliom zv\u00ed\u0165azili. Hoci [&hellip;]","og_url":"https:\/\/dev.visitbratislava.com\/sk\/events\/stlp-marca-aurelia-a-slovensko-2\/","og_site_name":"Visit Bratislava","twitter_card":"summary_large_image","twitter_misc":{"Predpokladan\u00fd \u010das \u010d\u00edtania":"1 min\u00fata"},"schema":{"@context":"https:\/\/schema.org","@graph":[{"@type":"WebPage","@id":"https:\/\/dev.visitbratislava.com\/sk\/events\/stlp-marca-aurelia-a-slovensko-2\/","url":"https:\/\/dev.visitbratislava.com\/sk\/events\/stlp-marca-aurelia-a-slovensko-2\/","name":"St\u013ap Marca Aurelia a Slovensko - Visit Bratislava","isPartOf":{"@id":"https:\/\/dev.visitbratislava.com\/sk\/#website"},"primaryImageOfPage":{"@id":"https:\/\/dev.visitbratislava.com\/sk\/events\/stlp-marca-aurelia-a-slovensko-2\/#primaryimage"},"image":{"@id":"https:\/\/dev.visitbratislava.com\/sk\/events\/stlp-marca-aurelia-a-slovensko-2\/#primaryimage"},"thumbnailUrl":"https:\/\/dev.visitbratislava.com\/wp-content\/uploads\/2026\/08\/1168102-383.jpg","datePublished":"2025-11-18T08:33:48+00:00","breadcrumb":{"@id":"https:\/\/dev.visitbratislava.com\/sk\/events\/stlp-marca-aurelia-a-slovensko-2\/#breadcrumb"},"inLanguage":"sk-SK","potentialAction":[{"@type":"ReadAction","target":["https:\/\/dev.visitbratislava.com\/sk\/events\/stlp-marca-aurelia-a-slovensko-2\/"]}]},{"@type":"ImageObject","inLanguage":"sk-SK","@id":"https:\/\/dev.visitbratislava.com\/sk\/events\/stlp-marca-aurelia-a-slovensko-2\/#primaryimage","url":"https:\/\/dev.visitbratislava.com\/wp-content\/uploads\/2026\/08\/1168102-383.jpg","contentUrl":"https:\/\/dev.visitbratislava.com\/wp-content\/uploads\/2026\/08\/1168102-383.jpg"},{"@type":"BreadcrumbList","@id":"https:\/\/dev.visitbratislava.com\/sk\/events\/stlp-marca-aurelia-a-slovensko-2\/#breadcrumb","itemListElement":[{"@type":"ListItem","position":1,"name":"Home","item":"https:\/\/dev.visitbratislava.com\/sk\/"},{"@type":"ListItem","position":2,"name":"Events","item":"https:\/\/dev.visitbratislava.com\/sk\/events\/"},{"@type":"ListItem","position":3,"name":"St\u013ap Marca Aurelia a Slovensko"}]},{"@type":"WebSite","@id":"https:\/\/dev.visitbratislava.com\/sk\/#website","url":"https:\/\/dev.visitbratislava.com\/sk\/","name":"Visit Bratislava","description":"","potentialAction":[{"@type":"SearchAction","target":{"@type":"EntryPoint","urlTemplate":"https:\/\/dev.visitbratislava.com\/sk\/?s={search_term_string}"},"query-input":{"@type":"PropertyValueSpecification","valueRequired":true,"valueName":"search_term_string"}}],"inLanguage":"sk-SK"}]}},"_links":{"self":[{"href":"https:\/\/dev.visitbratislava.com\/sk\/wp-json\/wp\/v2\/events\/6721","targetHints":{"allow":["GET"]}}],"collection":[{"href":"https:\/\/dev.visitbratislava.com\/sk\/wp-json\/wp\/v2\/events"}],"about":[{"href":"https:\/\/dev.visitbratislava.com\/sk\/wp-json\/wp\/v2\/types\/events"}],"author":[{"embeddable":true,"href":"https:\/\/dev.visitbratislava.com\/sk\/wp-json\/wp\/v2\/users\/1"}],"wp:featuredmedia":[{"embeddable":true,"href":"https:\/\/dev.visitbratislava.com\/sk\/wp-json\/wp\/v2\/media\/6718"}],"wp:attachment":[{"href":"https:\/\/dev.visitbratislava.com\/sk\/wp-json\/wp\/v2\/media?parent=6721"}],"wp:term":[{"taxonomy":"events_category","embeddable":true,"href":"https:\/\/dev.visitbratislava.com\/sk\/wp-json\/wp\/v2\/events_category?post=6721"},{"taxonomy":"price","embeddable":true,"href":"https:\/\/dev.visitbratislava.com\/sk\/wp-json\/wp\/v2\/price?post=6721"},{"taxonomy":"accesibility","embeddable":true,"href":"https:\/\/dev.visitbratislava.com\/sk\/wp-json\/wp\/v2\/accesibility?post=6721"},{"taxonomy":"region","embeddable":true,"href":"https:\/\/dev.visitbratislava.com\/sk\/wp-json\/wp\/v2\/region?post=6721"}],"curies":[{"name":"wp","href":"https:\/\/api.w.org\/{rel}","templated":true}]}}

Stĺp Marca Aurelia a Slovensko

<p><strong>Stĺp Marca Aurelia a Slovensko.</strong></p>
<p>V 1. – 4. storočí bolo slovenské územie, na ktorom vtedy žili príslušníci germánskych kmeňov, v tesnom dotyku s antickým svetom. Okrem obchodu a kultúrneho ovplyvňovania dochádzalo medzi Rimanmi a Germánmi aj k vojnám. Najťažšie boje prebiehali v rokoch 160-180, tzv. markomanské vojny. Rimania vedení cisárom Marcom Aureliom zvíťazili. Hoci sám cisár zomrel na bojisku ako obeť moru, v Ríme postavili na jeho počesť 30 m vysoký triumfálny stĺp. Ten tu stojí dodnes. Na stĺpe sú vyobrazenia z bojov, medzi iným aj udalosti, ktoré sa odohrali na slovenskom území.</p>
<p>Koncom 19. stor. boli z niektorých scén stiahnuté formy a uložené v Berlíne. Pracovníkom SNM-Archeologického múzea sa ich podarilo objaviť. Tri scény (rímska hranica, tzv. zázračný dážď a odvádzanie barbarov do zajatia) boli odliate a prevezené do múzea, kde sú vystavené. Ich význam podčiarkuje skutočnosť, že ide o najstarší ikonografický doklad zo slovenského územia vôbec.</p>

<p>Stĺp Marca Aurelia a Slovensko. V 1. – 4. storočí bolo slovenské územie, na ktorom vtedy žili príslušníci germánskych kmeňov, v tesnom dotyku s antickým svetom. Okrem obchodu a kultúrneho ovplyvňovania dochádzalo medzi Rimanmi a Germánmi aj k vojnám. Najťažšie boje prebiehali v rokoch 160-180, tzv. markomanské vojny. Rimania vedení cisárom Marcom Aureliom zvíťazili. Hoci [&hellip;]</p>

<!-- This site is optimized with the Yoast SEO plugin v28.1 - https://yoast.com/product/yoast-seo-wordpress/ -->
<title>Stĺp Marca Aurelia a Slovensko - Visit Bratislava</title>
<meta name="robots" content="noindex, follow, max-snippet:-1, max-image-preview:large, max-video-preview:-1" />
<meta property="og:locale" content="sk_SK" />
<meta property="og:type" content="article" />
<meta property="og:title" content="Stĺp Marca Aurelia a Slovensko - Visit Bratislava" />
<meta property="og:description" content="Stĺp Marca Aurelia a Slovensko. V 1. – 4. storočí bolo slovenské územie, na ktorom vtedy žili príslušníci germánskych kmeňov, v tesnom dotyku s antickým svetom. Okrem obchodu a kultúrneho ovplyvňovania dochádzalo medzi Rimanmi a Germánmi aj k vojnám. Najťažšie boje prebiehali v rokoch 160-180, tzv. markomanské vojny. Rimania vedení cisárom Marcom Aureliom zvíťazili. Hoci [&hellip;]" />
<meta property="og:url" content="https://dev.visitbratislava.com/sk/events/stlp-marca-aurelia-a-slovensko-2/" />
<meta property="og:site_name" content="Visit Bratislava" />
<meta name="twitter:card" content="summary_large_image" />
<meta name="twitter:label1" content="Predpokladaný čas čítania" />
	<meta name="twitter:data1" content="1 minúta" />
<script type="application/ld+json" class="yoast-schema-graph">{"@context":"https:\/\/schema.org","@graph":[{"@type":"WebPage","@id":"https:\/\/dev.visitbratislava.com\/sk\/events\/stlp-marca-aurelia-a-slovensko-2\/","url":"https:\/\/dev.visitbratislava.com\/sk\/events\/stlp-marca-aurelia-a-slovensko-2\/","name":"Stĺp Marca Aurelia a Slovensko - Visit Bratislava","isPartOf":{"@id":"https:\/\/dev.visitbratislava.com\/sk\/#website"},"primaryImageOfPage":{"@id":"https:\/\/dev.visitbratislava.com\/sk\/events\/stlp-marca-aurelia-a-slovensko-2\/#primaryimage"},"image":{"@id":"https:\/\/dev.visitbratislava.com\/sk\/events\/stlp-marca-aurelia-a-slovensko-2\/#primaryimage"},"thumbnailUrl":"https:\/\/dev.visitbratislava.com\/wp-content\/uploads\/2026\/08\/1168102-383.jpg","datePublished":"2025-11-18T08:33:48+00:00","breadcrumb":{"@id":"https:\/\/dev.visitbratislava.com\/sk\/events\/stlp-marca-aurelia-a-slovensko-2\/#breadcrumb"},"inLanguage":"sk-SK","potentialAction":[{"@type":"ReadAction","target":["https:\/\/dev.visitbratislava.com\/sk\/events\/stlp-marca-aurelia-a-slovensko-2\/"]}]},{"@type":"ImageObject","inLanguage":"sk-SK","@id":"https:\/\/dev.visitbratislava.com\/sk\/events\/stlp-marca-aurelia-a-slovensko-2\/#primaryimage","url":"https:\/\/dev.visitbratislava.com\/wp-content\/uploads\/2026\/08\/1168102-383.jpg","contentUrl":"https:\/\/dev.visitbratislava.com\/wp-content\/uploads\/2026\/08\/1168102-383.jpg"},{"@type":"BreadcrumbList","@id":"https:\/\/dev.visitbratislava.com\/sk\/events\/stlp-marca-aurelia-a-slovensko-2\/#breadcrumb","itemListElement":[{"@type":"ListItem","position":1,"name":"Home","item":"https:\/\/dev.visitbratislava.com\/sk\/"},{"@type":"ListItem","position":2,"name":"Events","item":"https:\/\/dev.visitbratislava.com\/sk\/events\/"},{"@type":"ListItem","position":3,"name":"Stĺp Marca Aurelia a Slovensko"}]},{"@type":"WebSite","@id":"https:\/\/dev.visitbratislava.com\/sk\/#website","url":"https:\/\/dev.visitbratislava.com\/sk\/","name":"Visit Bratislava","description":"","potentialAction":[{"@type":"SearchAction","target":{"@type":"EntryPoint","urlTemplate":"https:\/\/dev.visitbratislava.com\/sk\/?s={search_term_string}"},"query-input":{"@type":"PropertyValueSpecification","valueRequired":true,"valueName":"search_term_string"}}],"inLanguage":"sk-SK"}]}</script>
<!-- / Yoast SEO plugin. -->

Stĺp Marca Aurelia a Slovensko - Visit Bratislava

Stĺp Marca Aurelia a Slovensko. V 1. – 4. storočí bolo slovenské územie, na ktorom vtedy žili príslušníci germánskych kmeňov, v tesnom dotyku s antickým svetom. Okrem obchodu a kultúrneho ovplyvňovania dochádzalo medzi Rimanmi a Germánmi aj k vojnám. Najťažšie boje prebiehali v rokoch 160-180, tzv. markomanské vojny. Rimania vedení cisárom Marcom Aureliom zvíťazili. Hoci [&hellip;]

1 minúta
