{"id":6741,"date":"2025-11-18T09:33:51","date_gmt":"2025-11-18T08:33:51","guid":{"rendered":"https:\/\/dev.visitbratislava.com\/events\/archiv-juliusa-kollera-2\/"},"modified":"2025-11-18T09:33:51","modified_gmt":"2025-11-18T08:33:51","slug":"archiv-juliusa-kollera-2","status":"publish","type":"events","link":"https:\/\/dev.visitbratislava.com\/sk\/events\/archiv-juliusa-kollera-2\/","title":{"rendered":"Arch\u00edv J\u00faliusa Kollera"},"content":{"rendered":"<p>Na 1. poschod\u00ed Esterh\u00e1zyho pal\u00e1ca Slovensk\u00e1 n\u00e1rodn\u00e1 gal\u00e9ria spr\u00edstupnila arch\u00edv konceptu\u00e1lneho umelca J\u00faliusa Kollera. Vystaven\u00fd materi\u00e1l Kollerovej pozostalosti nem\u00e1 amb\u00edciu poda\u0165 nejak\u00fa komplexn\u00fa spr\u00e1vu o jej obsahu.<\/p>\n<p>Expoz\u00edcia je postaven\u00e1 z troch \u010dast\u00ed. Tri vitr\u00edny s\u00fa nakonfigurovan\u00e9 nasledovne: v prvej SNG pon\u00faka dokument\u00e1ciu jednej konkr\u00e9tnej v\u00fdstavy \u2013 Textiln\u00e9 obrazy z roku 1974. Ide o jedin\u00fa Kollerovu one man show v obdob\u00ed normaliz\u00e1cie.<\/p>\n<p>Druh\u00e1 vitr\u00edna je sondou do siet\u00ed alternat\u00edvnej v\u00fdtvarnej sc\u00e9ny. Predstavuje drobn\u00e9 pr\u00e1ce (listy, PF-ky, mail arty) Kollerov\u00fdch kolegov a koleg\u00fd\u0148 z jeho pozostalosti. Sprostredk\u00fava \u0148ou onen \u00e9tos zdie\u013eania, typick\u00fd pre nez\u00e1visl\u00fa v\u00fdtvarn\u00fa sc\u00e9nu \u010di komunitu.<\/p>\n<p>Tretia vitr\u00edna dokumentuje Kollerovu prepisovaciu m\u00e1niu, jeho poz\u00edciu dobov\u00e9ho svedka, citlivo, z\u00e1rove\u0148 s ist\u00fdm ironick\u00fdm di\u0161tancom zaznamen\u00e1vaj\u00faceho \u201etok dej\u00edn\u201c. V pozostalosti zachovan\u00e9 bal\u00edky denn\u00edkov\u00fdch excerpt tu prezentuje vo v\u00fdbere z troch ro\u010dn\u00edkov bezprostredne nasleduj\u00facich po politickej zmene v roku 1989.<\/p>\n<p>V\u00e4\u010d\u0161ie form\u00e1ty, in\u0161talovan\u00e9 na stene, s\u00fa uk\u00e1\u017ekou Kollerov\u00fdch paspartovac\u00edch proced\u00far. Paspartovanie je u Kollera \u0161pecifick\u00fdm uchopovan\u00edm sveta, umeleck\u00fdm filtrovan\u00edm reality \u2013 tu konkr\u00e9tne: vlastnej identity. Na 24 papierov\u00fdch rysoch tu vidie\u0165 v skratke kus umelcovho \u017eivotopisu \u2013 od narodenia a\u017e po stretnutie s Kv\u011btou Fulierovou. Osobit\u00e1 n\u00e1stenka ukazuje Kollerovu zaujatos\u0165 keltsk\u00fdm svetom a pletencovou ornamentikou.<\/p>\n","protected":false},"excerpt":{"rendered":"<p>Na 1. poschod\u00ed Esterh\u00e1zyho pal\u00e1ca Slovensk\u00e1 n\u00e1rodn\u00e1 gal\u00e9ria spr\u00edstupnila arch\u00edv konceptu\u00e1lneho umelca J\u00faliusa Kollera. Vystaven\u00fd materi\u00e1l Kollerovej pozostalosti nem\u00e1 amb\u00edciu poda\u0165 nejak\u00fa komplexn\u00fa spr\u00e1vu o jej obsahu. Expoz\u00edcia je postaven\u00e1 z troch \u010dast\u00ed. Tri vitr\u00edny s\u00fa nakonfigurovan\u00e9 nasledovne: v prvej SNG pon\u00faka dokument\u00e1ciu jednej konkr\u00e9tnej v\u00fdstavy \u2013 Textiln\u00e9 obrazy z roku 1974. Ide o jedin\u00fa [&hellip;]<\/p>\n","protected":false},"author":1,"featured_media":6738,"menu_order":0,"template":"","events_category":[351],"price":[],"accesibility":[],"region":[],"class_list":["post-6741","events","type-events","status-publish","has-post-thumbnail","hentry","events_category-expozicie"],"acf":[],"yoast_head":"<!-- This site is optimized with the Yoast SEO plugin v28.1 - https:\/\/yoast.com\/product\/yoast-seo-wordpress\/ -->\n<title>Arch\u00edv J\u00faliusa Kollera - Visit Bratislava<\/title>\n<meta name=\"robots\" content=\"noindex, follow, max-snippet:-1, max-image-preview:large, max-video-preview:-1\" \/>\n<meta property=\"og:locale\" content=\"sk_SK\" \/>\n<meta property=\"og:type\" content=\"article\" \/>\n<meta property=\"og:title\" content=\"Arch\u00edv J\u00faliusa Kollera - Visit Bratislava\" \/>\n<meta property=\"og:description\" content=\"Na 1. poschod\u00ed Esterh\u00e1zyho pal\u00e1ca Slovensk\u00e1 n\u00e1rodn\u00e1 gal\u00e9ria spr\u00edstupnila arch\u00edv konceptu\u00e1lneho umelca J\u00faliusa Kollera. Vystaven\u00fd materi\u00e1l Kollerovej pozostalosti nem\u00e1 amb\u00edciu poda\u0165 nejak\u00fa komplexn\u00fa spr\u00e1vu o jej obsahu. Expoz\u00edcia je postaven\u00e1 z troch \u010dast\u00ed. Tri vitr\u00edny s\u00fa nakonfigurovan\u00e9 nasledovne: v prvej SNG pon\u00faka dokument\u00e1ciu jednej konkr\u00e9tnej v\u00fdstavy \u2013 Textiln\u00e9 obrazy z roku 1974. Ide o jedin\u00fa [&hellip;]\" \/>\n<meta property=\"og:url\" content=\"https:\/\/dev.visitbratislava.com\/sk\/events\/archiv-juliusa-kollera-2\/\" \/>\n<meta property=\"og:site_name\" content=\"Visit Bratislava\" \/>\n<meta name=\"twitter:card\" content=\"summary_large_image\" \/>\n<meta name=\"twitter:label1\" content=\"Predpokladan\u00fd \u010das \u010d\u00edtania\" \/>\n\t<meta name=\"twitter:data1\" content=\"1 min\u00fata\" \/>\n<script type=\"application\/ld+json\" class=\"yoast-schema-graph\">{\"@context\":\"https:\\\/\\\/schema.org\",\"@graph\":[{\"@type\":\"WebPage\",\"@id\":\"https:\\\/\\\/dev.visitbratislava.com\\\/sk\\\/events\\\/archiv-juliusa-kollera-2\\\/\",\"url\":\"https:\\\/\\\/dev.visitbratislava.com\\\/sk\\\/events\\\/archiv-juliusa-kollera-2\\\/\",\"name\":\"Arch\u00edv J\u00faliusa Kollera - Visit Bratislava\",\"isPartOf\":{\"@id\":\"https:\\\/\\\/dev.visitbratislava.com\\\/sk\\\/#website\"},\"primaryImageOfPage\":{\"@id\":\"https:\\\/\\\/dev.visitbratislava.com\\\/sk\\\/events\\\/archiv-juliusa-kollera-2\\\/#primaryimage\"},\"image\":{\"@id\":\"https:\\\/\\\/dev.visitbratislava.com\\\/sk\\\/events\\\/archiv-juliusa-kollera-2\\\/#primaryimage\"},\"thumbnailUrl\":\"https:\\\/\\\/dev.visitbratislava.com\\\/wp-content\\\/uploads\\\/2026\\\/08\\\/898181-383.jpg\",\"datePublished\":\"2025-11-18T08:33:51+00:00\",\"breadcrumb\":{\"@id\":\"https:\\\/\\\/dev.visitbratislava.com\\\/sk\\\/events\\\/archiv-juliusa-kollera-2\\\/#breadcrumb\"},\"inLanguage\":\"sk-SK\",\"potentialAction\":[{\"@type\":\"ReadAction\",\"target\":[\"https:\\\/\\\/dev.visitbratislava.com\\\/sk\\\/events\\\/archiv-juliusa-kollera-2\\\/\"]}]},{\"@type\":\"ImageObject\",\"inLanguage\":\"sk-SK\",\"@id\":\"https:\\\/\\\/dev.visitbratislava.com\\\/sk\\\/events\\\/archiv-juliusa-kollera-2\\\/#primaryimage\",\"url\":\"https:\\\/\\\/dev.visitbratislava.com\\\/wp-content\\\/uploads\\\/2026\\\/08\\\/898181-383.jpg\",\"contentUrl\":\"https:\\\/\\\/dev.visitbratislava.com\\\/wp-content\\\/uploads\\\/2026\\\/08\\\/898181-383.jpg\"},{\"@type\":\"BreadcrumbList\",\"@id\":\"https:\\\/\\\/dev.visitbratislava.com\\\/sk\\\/events\\\/archiv-juliusa-kollera-2\\\/#breadcrumb\",\"itemListElement\":[{\"@type\":\"ListItem\",\"position\":1,\"name\":\"Home\",\"item\":\"https:\\\/\\\/dev.visitbratislava.com\\\/sk\\\/\"},{\"@type\":\"ListItem\",\"position\":2,\"name\":\"Events\",\"item\":\"https:\\\/\\\/dev.visitbratislava.com\\\/sk\\\/events\\\/\"},{\"@type\":\"ListItem\",\"position\":3,\"name\":\"Arch\u00edv J\u00faliusa Kollera\"}]},{\"@type\":\"WebSite\",\"@id\":\"https:\\\/\\\/dev.visitbratislava.com\\\/sk\\\/#website\",\"url\":\"https:\\\/\\\/dev.visitbratislava.com\\\/sk\\\/\",\"name\":\"Visit Bratislava\",\"description\":\"\",\"potentialAction\":[{\"@type\":\"SearchAction\",\"target\":{\"@type\":\"EntryPoint\",\"urlTemplate\":\"https:\\\/\\\/dev.visitbratislava.com\\\/sk\\\/?s={search_term_string}\"},\"query-input\":{\"@type\":\"PropertyValueSpecification\",\"valueRequired\":true,\"valueName\":\"search_term_string\"}}],\"inLanguage\":\"sk-SK\"}]}<\/script>\n<!-- \/ Yoast SEO plugin. -->","yoast_head_json":{"title":"Arch\u00edv J\u00faliusa Kollera - Visit Bratislava","robots":{"index":"noindex","follow":"follow","max-snippet":"max-snippet:-1","max-image-preview":"max-image-preview:large","max-video-preview":"max-video-preview:-1"},"og_locale":"sk_SK","og_type":"article","og_title":"Arch\u00edv J\u00faliusa Kollera - Visit Bratislava","og_description":"Na 1. poschod\u00ed Esterh\u00e1zyho pal\u00e1ca Slovensk\u00e1 n\u00e1rodn\u00e1 gal\u00e9ria spr\u00edstupnila arch\u00edv konceptu\u00e1lneho umelca J\u00faliusa Kollera. Vystaven\u00fd materi\u00e1l Kollerovej pozostalosti nem\u00e1 amb\u00edciu poda\u0165 nejak\u00fa komplexn\u00fa spr\u00e1vu o jej obsahu. Expoz\u00edcia je postaven\u00e1 z troch \u010dast\u00ed. Tri vitr\u00edny s\u00fa nakonfigurovan\u00e9 nasledovne: v prvej SNG pon\u00faka dokument\u00e1ciu jednej konkr\u00e9tnej v\u00fdstavy \u2013 Textiln\u00e9 obrazy z roku 1974. Ide o jedin\u00fa [&hellip;]","og_url":"https:\/\/dev.visitbratislava.com\/sk\/events\/archiv-juliusa-kollera-2\/","og_site_name":"Visit Bratislava","twitter_card":"summary_large_image","twitter_misc":{"Predpokladan\u00fd \u010das \u010d\u00edtania":"1 min\u00fata"},"schema":{"@context":"https:\/\/schema.org","@graph":[{"@type":"WebPage","@id":"https:\/\/dev.visitbratislava.com\/sk\/events\/archiv-juliusa-kollera-2\/","url":"https:\/\/dev.visitbratislava.com\/sk\/events\/archiv-juliusa-kollera-2\/","name":"Arch\u00edv J\u00faliusa Kollera - Visit Bratislava","isPartOf":{"@id":"https:\/\/dev.visitbratislava.com\/sk\/#website"},"primaryImageOfPage":{"@id":"https:\/\/dev.visitbratislava.com\/sk\/events\/archiv-juliusa-kollera-2\/#primaryimage"},"image":{"@id":"https:\/\/dev.visitbratislava.com\/sk\/events\/archiv-juliusa-kollera-2\/#primaryimage"},"thumbnailUrl":"https:\/\/dev.visitbratislava.com\/wp-content\/uploads\/2026\/08\/898181-383.jpg","datePublished":"2025-11-18T08:33:51+00:00","breadcrumb":{"@id":"https:\/\/dev.visitbratislava.com\/sk\/events\/archiv-juliusa-kollera-2\/#breadcrumb"},"inLanguage":"sk-SK","potentialAction":[{"@type":"ReadAction","target":["https:\/\/dev.visitbratislava.com\/sk\/events\/archiv-juliusa-kollera-2\/"]}]},{"@type":"ImageObject","inLanguage":"sk-SK","@id":"https:\/\/dev.visitbratislava.com\/sk\/events\/archiv-juliusa-kollera-2\/#primaryimage","url":"https:\/\/dev.visitbratislava.com\/wp-content\/uploads\/2026\/08\/898181-383.jpg","contentUrl":"https:\/\/dev.visitbratislava.com\/wp-content\/uploads\/2026\/08\/898181-383.jpg"},{"@type":"BreadcrumbList","@id":"https:\/\/dev.visitbratislava.com\/sk\/events\/archiv-juliusa-kollera-2\/#breadcrumb","itemListElement":[{"@type":"ListItem","position":1,"name":"Home","item":"https:\/\/dev.visitbratislava.com\/sk\/"},{"@type":"ListItem","position":2,"name":"Events","item":"https:\/\/dev.visitbratislava.com\/sk\/events\/"},{"@type":"ListItem","position":3,"name":"Arch\u00edv J\u00faliusa Kollera"}]},{"@type":"WebSite","@id":"https:\/\/dev.visitbratislava.com\/sk\/#website","url":"https:\/\/dev.visitbratislava.com\/sk\/","name":"Visit Bratislava","description":"","potentialAction":[{"@type":"SearchAction","target":{"@type":"EntryPoint","urlTemplate":"https:\/\/dev.visitbratislava.com\/sk\/?s={search_term_string}"},"query-input":{"@type":"PropertyValueSpecification","valueRequired":true,"valueName":"search_term_string"}}],"inLanguage":"sk-SK"}]}},"_links":{"self":[{"href":"https:\/\/dev.visitbratislava.com\/sk\/wp-json\/wp\/v2\/events\/6741","targetHints":{"allow":["GET"]}}],"collection":[{"href":"https:\/\/dev.visitbratislava.com\/sk\/wp-json\/wp\/v2\/events"}],"about":[{"href":"https:\/\/dev.visitbratislava.com\/sk\/wp-json\/wp\/v2\/types\/events"}],"author":[{"embeddable":true,"href":"https:\/\/dev.visitbratislava.com\/sk\/wp-json\/wp\/v2\/users\/1"}],"wp:featuredmedia":[{"embeddable":true,"href":"https:\/\/dev.visitbratislava.com\/sk\/wp-json\/wp\/v2\/media\/6738"}],"wp:attachment":[{"href":"https:\/\/dev.visitbratislava.com\/sk\/wp-json\/wp\/v2\/media?parent=6741"}],"wp:term":[{"taxonomy":"events_category","embeddable":true,"href":"https:\/\/dev.visitbratislava.com\/sk\/wp-json\/wp\/v2\/events_category?post=6741"},{"taxonomy":"price","embeddable":true,"href":"https:\/\/dev.visitbratislava.com\/sk\/wp-json\/wp\/v2\/price?post=6741"},{"taxonomy":"accesibility","embeddable":true,"href":"https:\/\/dev.visitbratislava.com\/sk\/wp-json\/wp\/v2\/accesibility?post=6741"},{"taxonomy":"region","embeddable":true,"href":"https:\/\/dev.visitbratislava.com\/sk\/wp-json\/wp\/v2\/region?post=6741"}],"curies":[{"name":"wp","href":"https:\/\/api.w.org\/{rel}","templated":true}]}}

Archív Júliusa Kollera

<p>Na 1. poschodí Esterházyho paláca Slovenská národná galéria sprístupnila archív konceptuálneho umelca Júliusa Kollera. Vystavený materiál Kollerovej pozostalosti nemá ambíciu podať nejakú komplexnú správu o jej obsahu.</p>
<p>Expozícia je postavená z troch častí. Tri vitríny sú nakonfigurované nasledovne: v prvej SNG ponúka dokumentáciu jednej konkrétnej výstavy – Textilné obrazy z roku 1974. Ide o jedinú Kollerovu one man show v období normalizácie.</p>
<p>Druhá vitrína je sondou do sietí alternatívnej výtvarnej scény. Predstavuje drobné práce (listy, PF-ky, mail arty) Kollerových kolegov a kolegýň z jeho pozostalosti. Sprostredkúva ňou onen étos zdieľania, typický pre nezávislú výtvarnú scénu či komunitu.</p>
<p>Tretia vitrína dokumentuje Kollerovu prepisovaciu mániu, jeho pozíciu dobového svedka, citlivo, zároveň s istým ironickým dištancom zaznamenávajúceho „tok dejín“. V pozostalosti zachované balíky denníkových excerpt tu prezentuje vo výbere z troch ročníkov bezprostredne nasledujúcich po politickej zmene v roku 1989.</p>
<p>Väčšie formáty, inštalované na stene, sú ukážkou Kollerových paspartovacích procedúr. Paspartovanie je u Kollera špecifickým uchopovaním sveta, umeleckým filtrovaním reality – tu konkrétne: vlastnej identity. Na 24 papierových rysoch tu vidieť v skratke kus umelcovho životopisu – od narodenia až po stretnutie s Květou Fulierovou. Osobitá nástenka ukazuje Kollerovu zaujatosť keltským svetom a pletencovou ornamentikou.</p>

<p>Na 1. poschodí Esterházyho paláca Slovenská národná galéria sprístupnila archív konceptuálneho umelca Júliusa Kollera. Vystavený materiál Kollerovej pozostalosti nemá ambíciu podať nejakú komplexnú správu o jej obsahu. Expozícia je postavená z troch častí. Tri vitríny sú nakonfigurované nasledovne: v prvej SNG ponúka dokumentáciu jednej konkrétnej výstavy – Textilné obrazy z roku 1974. Ide o jedinú [&hellip;]</p>

<!-- This site is optimized with the Yoast SEO plugin v28.1 - https://yoast.com/product/yoast-seo-wordpress/ -->
<title>Archív Júliusa Kollera - Visit Bratislava</title>
<meta name="robots" content="noindex, follow, max-snippet:-1, max-image-preview:large, max-video-preview:-1" />
<meta property="og:locale" content="sk_SK" />
<meta property="og:type" content="article" />
<meta property="og:title" content="Archív Júliusa Kollera - Visit Bratislava" />
<meta property="og:description" content="Na 1. poschodí Esterházyho paláca Slovenská národná galéria sprístupnila archív konceptuálneho umelca Júliusa Kollera. Vystavený materiál Kollerovej pozostalosti nemá ambíciu podať nejakú komplexnú správu o jej obsahu. Expozícia je postavená z troch častí. Tri vitríny sú nakonfigurované nasledovne: v prvej SNG ponúka dokumentáciu jednej konkrétnej výstavy – Textilné obrazy z roku 1974. Ide o jedinú [&hellip;]" />
<meta property="og:url" content="https://dev.visitbratislava.com/sk/events/archiv-juliusa-kollera-2/" />
<meta property="og:site_name" content="Visit Bratislava" />
<meta name="twitter:card" content="summary_large_image" />
<meta name="twitter:label1" content="Predpokladaný čas čítania" />
	<meta name="twitter:data1" content="1 minúta" />
<script type="application/ld+json" class="yoast-schema-graph">{"@context":"https:\/\/schema.org","@graph":[{"@type":"WebPage","@id":"https:\/\/dev.visitbratislava.com\/sk\/events\/archiv-juliusa-kollera-2\/","url":"https:\/\/dev.visitbratislava.com\/sk\/events\/archiv-juliusa-kollera-2\/","name":"Archív Júliusa Kollera - Visit Bratislava","isPartOf":{"@id":"https:\/\/dev.visitbratislava.com\/sk\/#website"},"primaryImageOfPage":{"@id":"https:\/\/dev.visitbratislava.com\/sk\/events\/archiv-juliusa-kollera-2\/#primaryimage"},"image":{"@id":"https:\/\/dev.visitbratislava.com\/sk\/events\/archiv-juliusa-kollera-2\/#primaryimage"},"thumbnailUrl":"https:\/\/dev.visitbratislava.com\/wp-content\/uploads\/2026\/08\/898181-383.jpg","datePublished":"2025-11-18T08:33:51+00:00","breadcrumb":{"@id":"https:\/\/dev.visitbratislava.com\/sk\/events\/archiv-juliusa-kollera-2\/#breadcrumb"},"inLanguage":"sk-SK","potentialAction":[{"@type":"ReadAction","target":["https:\/\/dev.visitbratislava.com\/sk\/events\/archiv-juliusa-kollera-2\/"]}]},{"@type":"ImageObject","inLanguage":"sk-SK","@id":"https:\/\/dev.visitbratislava.com\/sk\/events\/archiv-juliusa-kollera-2\/#primaryimage","url":"https:\/\/dev.visitbratislava.com\/wp-content\/uploads\/2026\/08\/898181-383.jpg","contentUrl":"https:\/\/dev.visitbratislava.com\/wp-content\/uploads\/2026\/08\/898181-383.jpg"},{"@type":"BreadcrumbList","@id":"https:\/\/dev.visitbratislava.com\/sk\/events\/archiv-juliusa-kollera-2\/#breadcrumb","itemListElement":[{"@type":"ListItem","position":1,"name":"Home","item":"https:\/\/dev.visitbratislava.com\/sk\/"},{"@type":"ListItem","position":2,"name":"Events","item":"https:\/\/dev.visitbratislava.com\/sk\/events\/"},{"@type":"ListItem","position":3,"name":"Archív Júliusa Kollera"}]},{"@type":"WebSite","@id":"https:\/\/dev.visitbratislava.com\/sk\/#website","url":"https:\/\/dev.visitbratislava.com\/sk\/","name":"Visit Bratislava","description":"","potentialAction":[{"@type":"SearchAction","target":{"@type":"EntryPoint","urlTemplate":"https:\/\/dev.visitbratislava.com\/sk\/?s={search_term_string}"},"query-input":{"@type":"PropertyValueSpecification","valueRequired":true,"valueName":"search_term_string"}}],"inLanguage":"sk-SK"}]}</script>
<!-- / Yoast SEO plugin. -->

Archív Júliusa Kollera - Visit Bratislava

Na 1. poschodí Esterházyho paláca Slovenská národná galéria sprístupnila archív konceptuálneho umelca Júliusa Kollera. Vystavený materiál Kollerovej pozostalosti nemá ambíciu podať nejakú komplexnú správu o jej obsahu. Expozícia je postavená z troch častí. Tri vitríny sú nakonfigurované nasledovne: v prvej SNG ponúka dokumentáciu jednej konkrétnej výstavy – Textilné obrazy z roku 1974. Ide o jedinú [&hellip;]

1 minúta
