{"id":6748,"date":"2025-11-18T09:33:52","date_gmt":"2025-11-18T08:33:52","guid":{"rendered":"https:\/\/dev.visitbratislava.com\/events\/obrazaren-3\/"},"modified":"2025-11-18T09:33:52","modified_gmt":"2025-11-18T08:33:52","slug":"obrazaren-3","status":"publish","type":"events","link":"https:\/\/dev.visitbratislava.com\/sk\/events\/obrazaren-3\/","title":{"rendered":"Obraz\u00e1re\u0148"},"content":{"rendered":"<p>V tejto st\u00e1lej expoz\u00edcii v reprezenta\u010dn\u00fdch priestoroch na 1. poschod\u00ed Primaci\u00e1lneho pal\u00e1ca je zast\u00fapen\u00fdch viac ako 60 zbierkov\u00fdch predmetov.<\/p>\n<p>Vo vstupnom sal\u00f3ne n\u00e1v\u0161tevn\u00edkov zaujm\u00fa najm\u00e4 reprezenta\u010dn\u00e9 portr\u00e9ty vybran\u00fdch panovn\u00edkov habsbursk\u00e9ho a habsbursko-lotrinsk\u00e9ho rodu, ktor\u00e9 boli p\u00f4vodne umiestnen\u00e9 v dnes u\u017e nejestvuj\u00facej radnej sieni Starej radnice. V piatich sal\u00f3noch na severnej strane budovy, s v\u00fdh\u013eadom na n\u00e1mestie, je nain\u0161talovan\u00e1 vz\u00e1cna a unik\u00e1tna kolekcia \u0161iestich anglick\u00fdch tkan\u00fdch tapis\u00e9ri\u00ed z Mortlaku. Z \u010fal\u0161\u00edch vystaven\u00fdch v\u00fdtvarn\u00fdch diel dominuj\u00fa najm\u00e4 obrazy s biblickou tematikou z dieln\u00ed talianskych autorov 16. a 17. storo\u010dia. V mal\u00fdch, ju\u017ene orientovan\u00fdch miestnostiach s\u00fa umiestnen\u00e9 s\u00fabory holandsk\u00e9ho a fl\u00e1mskeho \u017e\u00e1nrov\u00e9ho maliarstva 17. storo\u010dia. P\u00f4vodne boli pl\u00e1novan\u00e9 len ako do\u010dasn\u00e1 dekor\u00e1cia, ktor\u00fa v bud\u00facnosti nahradia in\u00e9 umeleck\u00e9 diela. Z poslednej prechodnej miestnosti vedie vstup do orat\u00f3ria v kaplnke sv. Ladislava.<\/p>\n","protected":false},"excerpt":{"rendered":"<p>V tejto st\u00e1lej expoz\u00edcii v reprezenta\u010dn\u00fdch priestoroch na 1. poschod\u00ed Primaci\u00e1lneho pal\u00e1ca je zast\u00fapen\u00fdch viac ako 60 zbierkov\u00fdch predmetov. Vo vstupnom sal\u00f3ne n\u00e1v\u0161tevn\u00edkov zaujm\u00fa najm\u00e4 reprezenta\u010dn\u00e9 portr\u00e9ty vybran\u00fdch panovn\u00edkov habsbursk\u00e9ho a habsbursko-lotrinsk\u00e9ho rodu, ktor\u00e9 boli p\u00f4vodne umiestnen\u00e9 v dnes u\u017e nejestvuj\u00facej radnej sieni Starej radnice. V piatich sal\u00f3noch na severnej strane budovy, s v\u00fdh\u013eadom na [&hellip;]<\/p>\n","protected":false},"author":1,"featured_media":6339,"menu_order":0,"template":"","events_category":[351],"price":[],"accesibility":[],"region":[],"class_list":["post-6748","events","type-events","status-publish","has-post-thumbnail","hentry","events_category-expozicie"],"acf":[],"yoast_head":"<!-- This site is optimized with the Yoast SEO plugin v28.1 - https:\/\/yoast.com\/product\/yoast-seo-wordpress\/ -->\n<title>Obraz\u00e1re\u0148 - Visit Bratislava<\/title>\n<meta name=\"robots\" content=\"noindex, follow, max-snippet:-1, max-image-preview:large, max-video-preview:-1\" \/>\n<meta property=\"og:locale\" content=\"sk_SK\" \/>\n<meta property=\"og:type\" content=\"article\" \/>\n<meta property=\"og:title\" content=\"Obraz\u00e1re\u0148 - Visit Bratislava\" \/>\n<meta property=\"og:description\" content=\"V tejto st\u00e1lej expoz\u00edcii v reprezenta\u010dn\u00fdch priestoroch na 1. poschod\u00ed Primaci\u00e1lneho pal\u00e1ca je zast\u00fapen\u00fdch viac ako 60 zbierkov\u00fdch predmetov. Vo vstupnom sal\u00f3ne n\u00e1v\u0161tevn\u00edkov zaujm\u00fa najm\u00e4 reprezenta\u010dn\u00e9 portr\u00e9ty vybran\u00fdch panovn\u00edkov habsbursk\u00e9ho a habsbursko-lotrinsk\u00e9ho rodu, ktor\u00e9 boli p\u00f4vodne umiestnen\u00e9 v dnes u\u017e nejestvuj\u00facej radnej sieni Starej radnice. V piatich sal\u00f3noch na severnej strane budovy, s v\u00fdh\u013eadom na [&hellip;]\" \/>\n<meta property=\"og:url\" content=\"https:\/\/dev.visitbratislava.com\/sk\/events\/obrazaren-3\/\" \/>\n<meta property=\"og:site_name\" content=\"Visit Bratislava\" \/>\n<meta name=\"twitter:card\" content=\"summary_large_image\" \/>\n<meta name=\"twitter:label1\" content=\"Predpokladan\u00fd \u010das \u010d\u00edtania\" \/>\n\t<meta name=\"twitter:data1\" content=\"1 min\u00fata\" \/>\n<script type=\"application\/ld+json\" class=\"yoast-schema-graph\">{\"@context\":\"https:\\\/\\\/schema.org\",\"@graph\":[{\"@type\":\"WebPage\",\"@id\":\"https:\\\/\\\/dev.visitbratislava.com\\\/sk\\\/events\\\/obrazaren-3\\\/\",\"url\":\"https:\\\/\\\/dev.visitbratislava.com\\\/sk\\\/events\\\/obrazaren-3\\\/\",\"name\":\"Obraz\u00e1re\u0148 - Visit Bratislava\",\"isPartOf\":{\"@id\":\"https:\\\/\\\/dev.visitbratislava.com\\\/sk\\\/#website\"},\"primaryImageOfPage\":{\"@id\":\"https:\\\/\\\/dev.visitbratislava.com\\\/sk\\\/events\\\/obrazaren-3\\\/#primaryimage\"},\"image\":{\"@id\":\"https:\\\/\\\/dev.visitbratislava.com\\\/sk\\\/events\\\/obrazaren-3\\\/#primaryimage\"},\"thumbnailUrl\":\"https:\\\/\\\/dev.visitbratislava.com\\\/wp-content\\\/uploads\\\/2026\\\/08\\\/815393-383.jpg\",\"datePublished\":\"2025-11-18T08:33:52+00:00\",\"breadcrumb\":{\"@id\":\"https:\\\/\\\/dev.visitbratislava.com\\\/sk\\\/events\\\/obrazaren-3\\\/#breadcrumb\"},\"inLanguage\":\"sk-SK\",\"potentialAction\":[{\"@type\":\"ReadAction\",\"target\":[\"https:\\\/\\\/dev.visitbratislava.com\\\/sk\\\/events\\\/obrazaren-3\\\/\"]}]},{\"@type\":\"ImageObject\",\"inLanguage\":\"sk-SK\",\"@id\":\"https:\\\/\\\/dev.visitbratislava.com\\\/sk\\\/events\\\/obrazaren-3\\\/#primaryimage\",\"url\":\"https:\\\/\\\/dev.visitbratislava.com\\\/wp-content\\\/uploads\\\/2026\\\/08\\\/815393-383.jpg\",\"contentUrl\":\"https:\\\/\\\/dev.visitbratislava.com\\\/wp-content\\\/uploads\\\/2026\\\/08\\\/815393-383.jpg\"},{\"@type\":\"BreadcrumbList\",\"@id\":\"https:\\\/\\\/dev.visitbratislava.com\\\/sk\\\/events\\\/obrazaren-3\\\/#breadcrumb\",\"itemListElement\":[{\"@type\":\"ListItem\",\"position\":1,\"name\":\"Home\",\"item\":\"https:\\\/\\\/dev.visitbratislava.com\\\/sk\\\/\"},{\"@type\":\"ListItem\",\"position\":2,\"name\":\"Events\",\"item\":\"https:\\\/\\\/dev.visitbratislava.com\\\/sk\\\/events\\\/\"},{\"@type\":\"ListItem\",\"position\":3,\"name\":\"Obraz\u00e1re\u0148\"}]},{\"@type\":\"WebSite\",\"@id\":\"https:\\\/\\\/dev.visitbratislava.com\\\/sk\\\/#website\",\"url\":\"https:\\\/\\\/dev.visitbratislava.com\\\/sk\\\/\",\"name\":\"Visit Bratislava\",\"description\":\"\",\"potentialAction\":[{\"@type\":\"SearchAction\",\"target\":{\"@type\":\"EntryPoint\",\"urlTemplate\":\"https:\\\/\\\/dev.visitbratislava.com\\\/sk\\\/?s={search_term_string}\"},\"query-input\":{\"@type\":\"PropertyValueSpecification\",\"valueRequired\":true,\"valueName\":\"search_term_string\"}}],\"inLanguage\":\"sk-SK\"}]}<\/script>\n<!-- \/ Yoast SEO plugin. -->","yoast_head_json":{"title":"Obraz\u00e1re\u0148 - Visit Bratislava","robots":{"index":"noindex","follow":"follow","max-snippet":"max-snippet:-1","max-image-preview":"max-image-preview:large","max-video-preview":"max-video-preview:-1"},"og_locale":"sk_SK","og_type":"article","og_title":"Obraz\u00e1re\u0148 - Visit Bratislava","og_description":"V tejto st\u00e1lej expoz\u00edcii v reprezenta\u010dn\u00fdch priestoroch na 1. poschod\u00ed Primaci\u00e1lneho pal\u00e1ca je zast\u00fapen\u00fdch viac ako 60 zbierkov\u00fdch predmetov. Vo vstupnom sal\u00f3ne n\u00e1v\u0161tevn\u00edkov zaujm\u00fa najm\u00e4 reprezenta\u010dn\u00e9 portr\u00e9ty vybran\u00fdch panovn\u00edkov habsbursk\u00e9ho a habsbursko-lotrinsk\u00e9ho rodu, ktor\u00e9 boli p\u00f4vodne umiestnen\u00e9 v dnes u\u017e nejestvuj\u00facej radnej sieni Starej radnice. V piatich sal\u00f3noch na severnej strane budovy, s v\u00fdh\u013eadom na [&hellip;]","og_url":"https:\/\/dev.visitbratislava.com\/sk\/events\/obrazaren-3\/","og_site_name":"Visit Bratislava","twitter_card":"summary_large_image","twitter_misc":{"Predpokladan\u00fd \u010das \u010d\u00edtania":"1 min\u00fata"},"schema":{"@context":"https:\/\/schema.org","@graph":[{"@type":"WebPage","@id":"https:\/\/dev.visitbratislava.com\/sk\/events\/obrazaren-3\/","url":"https:\/\/dev.visitbratislava.com\/sk\/events\/obrazaren-3\/","name":"Obraz\u00e1re\u0148 - Visit Bratislava","isPartOf":{"@id":"https:\/\/dev.visitbratislava.com\/sk\/#website"},"primaryImageOfPage":{"@id":"https:\/\/dev.visitbratislava.com\/sk\/events\/obrazaren-3\/#primaryimage"},"image":{"@id":"https:\/\/dev.visitbratislava.com\/sk\/events\/obrazaren-3\/#primaryimage"},"thumbnailUrl":"https:\/\/dev.visitbratislava.com\/wp-content\/uploads\/2026\/08\/815393-383.jpg","datePublished":"2025-11-18T08:33:52+00:00","breadcrumb":{"@id":"https:\/\/dev.visitbratislava.com\/sk\/events\/obrazaren-3\/#breadcrumb"},"inLanguage":"sk-SK","potentialAction":[{"@type":"ReadAction","target":["https:\/\/dev.visitbratislava.com\/sk\/events\/obrazaren-3\/"]}]},{"@type":"ImageObject","inLanguage":"sk-SK","@id":"https:\/\/dev.visitbratislava.com\/sk\/events\/obrazaren-3\/#primaryimage","url":"https:\/\/dev.visitbratislava.com\/wp-content\/uploads\/2026\/08\/815393-383.jpg","contentUrl":"https:\/\/dev.visitbratislava.com\/wp-content\/uploads\/2026\/08\/815393-383.jpg"},{"@type":"BreadcrumbList","@id":"https:\/\/dev.visitbratislava.com\/sk\/events\/obrazaren-3\/#breadcrumb","itemListElement":[{"@type":"ListItem","position":1,"name":"Home","item":"https:\/\/dev.visitbratislava.com\/sk\/"},{"@type":"ListItem","position":2,"name":"Events","item":"https:\/\/dev.visitbratislava.com\/sk\/events\/"},{"@type":"ListItem","position":3,"name":"Obraz\u00e1re\u0148"}]},{"@type":"WebSite","@id":"https:\/\/dev.visitbratislava.com\/sk\/#website","url":"https:\/\/dev.visitbratislava.com\/sk\/","name":"Visit Bratislava","description":"","potentialAction":[{"@type":"SearchAction","target":{"@type":"EntryPoint","urlTemplate":"https:\/\/dev.visitbratislava.com\/sk\/?s={search_term_string}"},"query-input":{"@type":"PropertyValueSpecification","valueRequired":true,"valueName":"search_term_string"}}],"inLanguage":"sk-SK"}]}},"_links":{"self":[{"href":"https:\/\/dev.visitbratislava.com\/sk\/wp-json\/wp\/v2\/events\/6748","targetHints":{"allow":["GET"]}}],"collection":[{"href":"https:\/\/dev.visitbratislava.com\/sk\/wp-json\/wp\/v2\/events"}],"about":[{"href":"https:\/\/dev.visitbratislava.com\/sk\/wp-json\/wp\/v2\/types\/events"}],"author":[{"embeddable":true,"href":"https:\/\/dev.visitbratislava.com\/sk\/wp-json\/wp\/v2\/users\/1"}],"wp:featuredmedia":[{"embeddable":true,"href":"https:\/\/dev.visitbratislava.com\/sk\/wp-json\/wp\/v2\/media\/6339"}],"wp:attachment":[{"href":"https:\/\/dev.visitbratislava.com\/sk\/wp-json\/wp\/v2\/media?parent=6748"}],"wp:term":[{"taxonomy":"events_category","embeddable":true,"href":"https:\/\/dev.visitbratislava.com\/sk\/wp-json\/wp\/v2\/events_category?post=6748"},{"taxonomy":"price","embeddable":true,"href":"https:\/\/dev.visitbratislava.com\/sk\/wp-json\/wp\/v2\/price?post=6748"},{"taxonomy":"accesibility","embeddable":true,"href":"https:\/\/dev.visitbratislava.com\/sk\/wp-json\/wp\/v2\/accesibility?post=6748"},{"taxonomy":"region","embeddable":true,"href":"https:\/\/dev.visitbratislava.com\/sk\/wp-json\/wp\/v2\/region?post=6748"}],"curies":[{"name":"wp","href":"https:\/\/api.w.org\/{rel}","templated":true}]}}

Obrazáreň

<p>V tejto stálej expozícii v reprezentačných priestoroch na 1. poschodí Primaciálneho paláca je zastúpených viac ako 60 zbierkových predmetov.</p>
<p>Vo vstupnom salóne návštevníkov zaujmú najmä reprezentačné portréty vybraných panovníkov habsburského a habsbursko-lotrinského rodu, ktoré boli pôvodne umiestnené v dnes už nejestvujúcej radnej sieni Starej radnice. V piatich salónoch na severnej strane budovy, s výhľadom na námestie, je nainštalovaná vzácna a unikátna kolekcia šiestich anglických tkaných tapisérií z Mortlaku. Z ďalších vystavených výtvarných diel dominujú najmä obrazy s biblickou tematikou z dielní talianskych autorov 16. a 17. storočia. V malých, južne orientovaných miestnostiach sú umiestnené súbory holandského a flámskeho žánrového maliarstva 17. storočia. Pôvodne boli plánované len ako dočasná dekorácia, ktorú v budúcnosti nahradia iné umelecké diela. Z poslednej prechodnej miestnosti vedie vstup do oratória v kaplnke sv. Ladislava.</p>

<p>V tejto stálej expozícii v reprezentačných priestoroch na 1. poschodí Primaciálneho paláca je zastúpených viac ako 60 zbierkových predmetov. Vo vstupnom salóne návštevníkov zaujmú najmä reprezentačné portréty vybraných panovníkov habsburského a habsbursko-lotrinského rodu, ktoré boli pôvodne umiestnené v dnes už nejestvujúcej radnej sieni Starej radnice. V piatich salónoch na severnej strane budovy, s výhľadom na [&hellip;]</p>

<!-- This site is optimized with the Yoast SEO plugin v28.1 - https://yoast.com/product/yoast-seo-wordpress/ -->
<title>Obrazáreň - Visit Bratislava</title>
<meta name="robots" content="noindex, follow, max-snippet:-1, max-image-preview:large, max-video-preview:-1" />
<meta property="og:locale" content="sk_SK" />
<meta property="og:type" content="article" />
<meta property="og:title" content="Obrazáreň - Visit Bratislava" />
<meta property="og:description" content="V tejto stálej expozícii v reprezentačných priestoroch na 1. poschodí Primaciálneho paláca je zastúpených viac ako 60 zbierkových predmetov. Vo vstupnom salóne návštevníkov zaujmú najmä reprezentačné portréty vybraných panovníkov habsburského a habsbursko-lotrinského rodu, ktoré boli pôvodne umiestnené v dnes už nejestvujúcej radnej sieni Starej radnice. V piatich salónoch na severnej strane budovy, s výhľadom na [&hellip;]" />
<meta property="og:url" content="https://dev.visitbratislava.com/sk/events/obrazaren-3/" />
<meta property="og:site_name" content="Visit Bratislava" />
<meta name="twitter:card" content="summary_large_image" />
<meta name="twitter:label1" content="Predpokladaný čas čítania" />
	<meta name="twitter:data1" content="1 minúta" />
<script type="application/ld+json" class="yoast-schema-graph">{"@context":"https:\/\/schema.org","@graph":[{"@type":"WebPage","@id":"https:\/\/dev.visitbratislava.com\/sk\/events\/obrazaren-3\/","url":"https:\/\/dev.visitbratislava.com\/sk\/events\/obrazaren-3\/","name":"Obrazáreň - Visit Bratislava","isPartOf":{"@id":"https:\/\/dev.visitbratislava.com\/sk\/#website"},"primaryImageOfPage":{"@id":"https:\/\/dev.visitbratislava.com\/sk\/events\/obrazaren-3\/#primaryimage"},"image":{"@id":"https:\/\/dev.visitbratislava.com\/sk\/events\/obrazaren-3\/#primaryimage"},"thumbnailUrl":"https:\/\/dev.visitbratislava.com\/wp-content\/uploads\/2026\/08\/815393-383.jpg","datePublished":"2025-11-18T08:33:52+00:00","breadcrumb":{"@id":"https:\/\/dev.visitbratislava.com\/sk\/events\/obrazaren-3\/#breadcrumb"},"inLanguage":"sk-SK","potentialAction":[{"@type":"ReadAction","target":["https:\/\/dev.visitbratislava.com\/sk\/events\/obrazaren-3\/"]}]},{"@type":"ImageObject","inLanguage":"sk-SK","@id":"https:\/\/dev.visitbratislava.com\/sk\/events\/obrazaren-3\/#primaryimage","url":"https:\/\/dev.visitbratislava.com\/wp-content\/uploads\/2026\/08\/815393-383.jpg","contentUrl":"https:\/\/dev.visitbratislava.com\/wp-content\/uploads\/2026\/08\/815393-383.jpg"},{"@type":"BreadcrumbList","@id":"https:\/\/dev.visitbratislava.com\/sk\/events\/obrazaren-3\/#breadcrumb","itemListElement":[{"@type":"ListItem","position":1,"name":"Home","item":"https:\/\/dev.visitbratislava.com\/sk\/"},{"@type":"ListItem","position":2,"name":"Events","item":"https:\/\/dev.visitbratislava.com\/sk\/events\/"},{"@type":"ListItem","position":3,"name":"Obrazáreň"}]},{"@type":"WebSite","@id":"https:\/\/dev.visitbratislava.com\/sk\/#website","url":"https:\/\/dev.visitbratislava.com\/sk\/","name":"Visit Bratislava","description":"","potentialAction":[{"@type":"SearchAction","target":{"@type":"EntryPoint","urlTemplate":"https:\/\/dev.visitbratislava.com\/sk\/?s={search_term_string}"},"query-input":{"@type":"PropertyValueSpecification","valueRequired":true,"valueName":"search_term_string"}}],"inLanguage":"sk-SK"}]}</script>
<!-- / Yoast SEO plugin. -->

Obrazáreň - Visit Bratislava

V tejto stálej expozícii v reprezentačných priestoroch na 1. poschodí Primaciálneho paláca je zastúpených viac ako 60 zbierkových predmetov. Vo vstupnom salóne návštevníkov zaujmú najmä reprezentačné portréty vybraných panovníkov habsburského a habsbursko-lotrinského rodu, ktoré boli pôvodne umiestnené v dnes už nejestvujúcej radnej sieni Starej radnice. V piatich salónoch na severnej strane budovy, s výhľadom na [&hellip;]

1 minúta
