{"id":7185,"date":"2026-08-11T09:27:56","date_gmt":"2026-08-11T07:27:56","guid":{"rendered":"https:\/\/dev.visitbratislava.com\/events\/stat-na-mieste-mi-nesedi-citanie-poezie-ren-kindja-2\/"},"modified":"2026-08-11T09:27:56","modified_gmt":"2026-08-11T07:27:56","slug":"stat-na-mieste-mi-nesedi-citanie-poezie-ren-kindja-2","status":"publish","type":"events","link":"https:\/\/dev.visitbratislava.com\/sk\/events\/stat-na-mieste-mi-nesedi-citanie-poezie-ren-kindja-2\/","title":{"rendered":"St\u00e1\u0165 na mieste mi nesed\u00ed: \u010d\u00edtanie po\u00e9zie Ren Kindja"},"content":{"rendered":"<p><strong>V\u00edno, po\u00e9zia, z\u00e1hrada.<\/strong><\/p>\n<p>Po prvom vypredanom evente si teraz mo\u017eno na\u017eivo vypo\u010du\u0165 instagramov\u00fa po\u00e9ziu Ren Kindja (predt\u00fdm @renekouty) pod hol\u00fdm nebom v kr\u00e1snej Pr\u00fcger-Wallnerovej z\u00e1hrade. Desiatky b\u00e1sn\u00ed, pr\u00edbehy o tom, ako vznikali, a k tomu poh\u00e1r lok\u00e1lneho v\u00edna.<\/p>\n<p>Viac inform\u00e1ci\u00ed na Instagrame <a href=\"https:\/\/www.instagram.com\/renkindja\/\">renkindja<\/a>.<\/p>\n","protected":false},"excerpt":{"rendered":"<p>V\u00edno, po\u00e9zia, z\u00e1hrada. Po prvom vypredanom evente si teraz mo\u017eno na\u017eivo vypo\u010du\u0165 instagramov\u00fa po\u00e9ziu Ren Kindja (predt\u00fdm @renekouty) pod hol\u00fdm nebom v kr\u00e1snej Pr\u00fcger-Wallnerovej z\u00e1hrade. Desiatky b\u00e1sn\u00ed, pr\u00edbehy o tom, ako vznikali, a k tomu poh\u00e1r lok\u00e1lneho v\u00edna. Viac inform\u00e1ci\u00ed na Instagrame renkindja.<\/p>\n","protected":false},"author":1,"featured_media":7182,"menu_order":0,"template":"","events_category":[332],"price":[],"accesibility":[],"region":[],"class_list":["post-7185","events","type-events","status-publish","has-post-thumbnail","hentry","events_category-ine"],"acf":[],"yoast_head":"<!-- This site is optimized with the Yoast SEO plugin v28.1 - https:\/\/yoast.com\/product\/yoast-seo-wordpress\/ -->\n<title>St\u00e1\u0165 na mieste mi nesed\u00ed: \u010d\u00edtanie po\u00e9zie Ren Kindja - Visit Bratislava<\/title>\n<meta name=\"robots\" content=\"noindex, follow, max-snippet:-1, max-image-preview:large, max-video-preview:-1\" \/>\n<meta property=\"og:locale\" content=\"sk_SK\" \/>\n<meta property=\"og:type\" content=\"article\" \/>\n<meta property=\"og:title\" content=\"St\u00e1\u0165 na mieste mi nesed\u00ed: \u010d\u00edtanie po\u00e9zie Ren Kindja - Visit Bratislava\" \/>\n<meta property=\"og:description\" content=\"V\u00edno, po\u00e9zia, z\u00e1hrada. Po prvom vypredanom evente si teraz mo\u017eno na\u017eivo vypo\u010du\u0165 instagramov\u00fa po\u00e9ziu Ren Kindja (predt\u00fdm @renekouty) pod hol\u00fdm nebom v kr\u00e1snej Pr\u00fcger-Wallnerovej z\u00e1hrade. Desiatky b\u00e1sn\u00ed, pr\u00edbehy o tom, ako vznikali, a k tomu poh\u00e1r lok\u00e1lneho v\u00edna. Viac inform\u00e1ci\u00ed na Instagrame renkindja.\" \/>\n<meta property=\"og:url\" content=\"https:\/\/dev.visitbratislava.com\/sk\/events\/stat-na-mieste-mi-nesedi-citanie-poezie-ren-kindja-2\/\" \/>\n<meta property=\"og:site_name\" content=\"Visit Bratislava\" \/>\n<meta name=\"twitter:card\" content=\"summary_large_image\" \/>\n<script type=\"application\/ld+json\" class=\"yoast-schema-graph\">{\"@context\":\"https:\\\/\\\/schema.org\",\"@graph\":[{\"@type\":\"WebPage\",\"@id\":\"https:\\\/\\\/dev.visitbratislava.com\\\/sk\\\/events\\\/stat-na-mieste-mi-nesedi-citanie-poezie-ren-kindja-2\\\/\",\"url\":\"https:\\\/\\\/dev.visitbratislava.com\\\/sk\\\/events\\\/stat-na-mieste-mi-nesedi-citanie-poezie-ren-kindja-2\\\/\",\"name\":\"St\u00e1\u0165 na mieste mi nesed\u00ed: \u010d\u00edtanie po\u00e9zie Ren Kindja - Visit Bratislava\",\"isPartOf\":{\"@id\":\"https:\\\/\\\/dev.visitbratislava.com\\\/sk\\\/#website\"},\"primaryImageOfPage\":{\"@id\":\"https:\\\/\\\/dev.visitbratislava.com\\\/sk\\\/events\\\/stat-na-mieste-mi-nesedi-citanie-poezie-ren-kindja-2\\\/#primaryimage\"},\"image\":{\"@id\":\"https:\\\/\\\/dev.visitbratislava.com\\\/sk\\\/events\\\/stat-na-mieste-mi-nesedi-citanie-poezie-ren-kindja-2\\\/#primaryimage\"},\"thumbnailUrl\":\"https:\\\/\\\/dev.visitbratislava.com\\\/wp-content\\\/uploads\\\/2026\\\/08\\\/1401320-383.jpg\",\"datePublished\":\"2026-08-11T07:27:56+00:00\",\"breadcrumb\":{\"@id\":\"https:\\\/\\\/dev.visitbratislava.com\\\/sk\\\/events\\\/stat-na-mieste-mi-nesedi-citanie-poezie-ren-kindja-2\\\/#breadcrumb\"},\"inLanguage\":\"sk-SK\",\"potentialAction\":[{\"@type\":\"ReadAction\",\"target\":[\"https:\\\/\\\/dev.visitbratislava.com\\\/sk\\\/events\\\/stat-na-mieste-mi-nesedi-citanie-poezie-ren-kindja-2\\\/\"]}]},{\"@type\":\"ImageObject\",\"inLanguage\":\"sk-SK\",\"@id\":\"https:\\\/\\\/dev.visitbratislava.com\\\/sk\\\/events\\\/stat-na-mieste-mi-nesedi-citanie-poezie-ren-kindja-2\\\/#primaryimage\",\"url\":\"https:\\\/\\\/dev.visitbratislava.com\\\/wp-content\\\/uploads\\\/2026\\\/08\\\/1401320-383.jpg\",\"contentUrl\":\"https:\\\/\\\/dev.visitbratislava.com\\\/wp-content\\\/uploads\\\/2026\\\/08\\\/1401320-383.jpg\"},{\"@type\":\"BreadcrumbList\",\"@id\":\"https:\\\/\\\/dev.visitbratislava.com\\\/sk\\\/events\\\/stat-na-mieste-mi-nesedi-citanie-poezie-ren-kindja-2\\\/#breadcrumb\",\"itemListElement\":[{\"@type\":\"ListItem\",\"position\":1,\"name\":\"Home\",\"item\":\"https:\\\/\\\/dev.visitbratislava.com\\\/sk\\\/\"},{\"@type\":\"ListItem\",\"position\":2,\"name\":\"Events\",\"item\":\"https:\\\/\\\/dev.visitbratislava.com\\\/sk\\\/events\\\/\"},{\"@type\":\"ListItem\",\"position\":3,\"name\":\"St\u00e1\u0165 na mieste mi nesed\u00ed: \u010d\u00edtanie po\u00e9zie Ren Kindja\"}]},{\"@type\":\"WebSite\",\"@id\":\"https:\\\/\\\/dev.visitbratislava.com\\\/sk\\\/#website\",\"url\":\"https:\\\/\\\/dev.visitbratislava.com\\\/sk\\\/\",\"name\":\"Visit Bratislava\",\"description\":\"\",\"potentialAction\":[{\"@type\":\"SearchAction\",\"target\":{\"@type\":\"EntryPoint\",\"urlTemplate\":\"https:\\\/\\\/dev.visitbratislava.com\\\/sk\\\/?s={search_term_string}\"},\"query-input\":{\"@type\":\"PropertyValueSpecification\",\"valueRequired\":true,\"valueName\":\"search_term_string\"}}],\"inLanguage\":\"sk-SK\"}]}<\/script>\n<!-- \/ Yoast SEO plugin. -->","yoast_head_json":{"title":"St\u00e1\u0165 na mieste mi nesed\u00ed: \u010d\u00edtanie po\u00e9zie Ren Kindja - Visit Bratislava","robots":{"index":"noindex","follow":"follow","max-snippet":"max-snippet:-1","max-image-preview":"max-image-preview:large","max-video-preview":"max-video-preview:-1"},"og_locale":"sk_SK","og_type":"article","og_title":"St\u00e1\u0165 na mieste mi nesed\u00ed: \u010d\u00edtanie po\u00e9zie Ren Kindja - Visit Bratislava","og_description":"V\u00edno, po\u00e9zia, z\u00e1hrada. Po prvom vypredanom evente si teraz mo\u017eno na\u017eivo vypo\u010du\u0165 instagramov\u00fa po\u00e9ziu Ren Kindja (predt\u00fdm @renekouty) pod hol\u00fdm nebom v kr\u00e1snej Pr\u00fcger-Wallnerovej z\u00e1hrade. Desiatky b\u00e1sn\u00ed, pr\u00edbehy o tom, ako vznikali, a k tomu poh\u00e1r lok\u00e1lneho v\u00edna. Viac inform\u00e1ci\u00ed na Instagrame renkindja.","og_url":"https:\/\/dev.visitbratislava.com\/sk\/events\/stat-na-mieste-mi-nesedi-citanie-poezie-ren-kindja-2\/","og_site_name":"Visit Bratislava","twitter_card":"summary_large_image","schema":{"@context":"https:\/\/schema.org","@graph":[{"@type":"WebPage","@id":"https:\/\/dev.visitbratislava.com\/sk\/events\/stat-na-mieste-mi-nesedi-citanie-poezie-ren-kindja-2\/","url":"https:\/\/dev.visitbratislava.com\/sk\/events\/stat-na-mieste-mi-nesedi-citanie-poezie-ren-kindja-2\/","name":"St\u00e1\u0165 na mieste mi nesed\u00ed: \u010d\u00edtanie po\u00e9zie Ren Kindja - Visit Bratislava","isPartOf":{"@id":"https:\/\/dev.visitbratislava.com\/sk\/#website"},"primaryImageOfPage":{"@id":"https:\/\/dev.visitbratislava.com\/sk\/events\/stat-na-mieste-mi-nesedi-citanie-poezie-ren-kindja-2\/#primaryimage"},"image":{"@id":"https:\/\/dev.visitbratislava.com\/sk\/events\/stat-na-mieste-mi-nesedi-citanie-poezie-ren-kindja-2\/#primaryimage"},"thumbnailUrl":"https:\/\/dev.visitbratislava.com\/wp-content\/uploads\/2026\/08\/1401320-383.jpg","datePublished":"2026-08-11T07:27:56+00:00","breadcrumb":{"@id":"https:\/\/dev.visitbratislava.com\/sk\/events\/stat-na-mieste-mi-nesedi-citanie-poezie-ren-kindja-2\/#breadcrumb"},"inLanguage":"sk-SK","potentialAction":[{"@type":"ReadAction","target":["https:\/\/dev.visitbratislava.com\/sk\/events\/stat-na-mieste-mi-nesedi-citanie-poezie-ren-kindja-2\/"]}]},{"@type":"ImageObject","inLanguage":"sk-SK","@id":"https:\/\/dev.visitbratislava.com\/sk\/events\/stat-na-mieste-mi-nesedi-citanie-poezie-ren-kindja-2\/#primaryimage","url":"https:\/\/dev.visitbratislava.com\/wp-content\/uploads\/2026\/08\/1401320-383.jpg","contentUrl":"https:\/\/dev.visitbratislava.com\/wp-content\/uploads\/2026\/08\/1401320-383.jpg"},{"@type":"BreadcrumbList","@id":"https:\/\/dev.visitbratislava.com\/sk\/events\/stat-na-mieste-mi-nesedi-citanie-poezie-ren-kindja-2\/#breadcrumb","itemListElement":[{"@type":"ListItem","position":1,"name":"Home","item":"https:\/\/dev.visitbratislava.com\/sk\/"},{"@type":"ListItem","position":2,"name":"Events","item":"https:\/\/dev.visitbratislava.com\/sk\/events\/"},{"@type":"ListItem","position":3,"name":"St\u00e1\u0165 na mieste mi nesed\u00ed: \u010d\u00edtanie po\u00e9zie Ren Kindja"}]},{"@type":"WebSite","@id":"https:\/\/dev.visitbratislava.com\/sk\/#website","url":"https:\/\/dev.visitbratislava.com\/sk\/","name":"Visit Bratislava","description":"","potentialAction":[{"@type":"SearchAction","target":{"@type":"EntryPoint","urlTemplate":"https:\/\/dev.visitbratislava.com\/sk\/?s={search_term_string}"},"query-input":{"@type":"PropertyValueSpecification","valueRequired":true,"valueName":"search_term_string"}}],"inLanguage":"sk-SK"}]}},"_links":{"self":[{"href":"https:\/\/dev.visitbratislava.com\/sk\/wp-json\/wp\/v2\/events\/7185","targetHints":{"allow":["GET"]}}],"collection":[{"href":"https:\/\/dev.visitbratislava.com\/sk\/wp-json\/wp\/v2\/events"}],"about":[{"href":"https:\/\/dev.visitbratislava.com\/sk\/wp-json\/wp\/v2\/types\/events"}],"author":[{"embeddable":true,"href":"https:\/\/dev.visitbratislava.com\/sk\/wp-json\/wp\/v2\/users\/1"}],"wp:featuredmedia":[{"embeddable":true,"href":"https:\/\/dev.visitbratislava.com\/sk\/wp-json\/wp\/v2\/media\/7182"}],"wp:attachment":[{"href":"https:\/\/dev.visitbratislava.com\/sk\/wp-json\/wp\/v2\/media?parent=7185"}],"wp:term":[{"taxonomy":"events_category","embeddable":true,"href":"https:\/\/dev.visitbratislava.com\/sk\/wp-json\/wp\/v2\/events_category?post=7185"},{"taxonomy":"price","embeddable":true,"href":"https:\/\/dev.visitbratislava.com\/sk\/wp-json\/wp\/v2\/price?post=7185"},{"taxonomy":"accesibility","embeddable":true,"href":"https:\/\/dev.visitbratislava.com\/sk\/wp-json\/wp\/v2\/accesibility?post=7185"},{"taxonomy":"region","embeddable":true,"href":"https:\/\/dev.visitbratislava.com\/sk\/wp-json\/wp\/v2\/region?post=7185"}],"curies":[{"name":"wp","href":"https:\/\/api.w.org\/{rel}","templated":true}]}}

Stáť na mieste mi nesedí: čítanie poézie Ren Kindja

<p><strong>Víno, poézia, záhrada.</strong></p>
<p>Po prvom vypredanom evente si teraz možno naživo vypočuť instagramovú poéziu Ren Kindja (predtým @renekouty) pod holým nebom v krásnej Prüger-Wallnerovej záhrade. Desiatky básní, príbehy o tom, ako vznikali, a k tomu pohár lokálneho vína.</p>
<p>Viac informácií na Instagrame <a href="https://www.instagram.com/renkindja/">renkindja</a>.</p>

<p>Víno, poézia, záhrada. Po prvom vypredanom evente si teraz možno naživo vypočuť instagramovú poéziu Ren Kindja (predtým @renekouty) pod holým nebom v krásnej Prüger-Wallnerovej záhrade. Desiatky básní, príbehy o tom, ako vznikali, a k tomu pohár lokálneho vína. Viac informácií na Instagrame renkindja.</p>

<!-- This site is optimized with the Yoast SEO plugin v28.1 - https://yoast.com/product/yoast-seo-wordpress/ -->
<title>Stáť na mieste mi nesedí: čítanie poézie Ren Kindja - Visit Bratislava</title>
<meta name="robots" content="noindex, follow, max-snippet:-1, max-image-preview:large, max-video-preview:-1" />
<meta property="og:locale" content="sk_SK" />
<meta property="og:type" content="article" />
<meta property="og:title" content="Stáť na mieste mi nesedí: čítanie poézie Ren Kindja - Visit Bratislava" />
<meta property="og:description" content="Víno, poézia, záhrada. Po prvom vypredanom evente si teraz možno naživo vypočuť instagramovú poéziu Ren Kindja (predtým @renekouty) pod holým nebom v krásnej Prüger-Wallnerovej záhrade. Desiatky básní, príbehy o tom, ako vznikali, a k tomu pohár lokálneho vína. Viac informácií na Instagrame renkindja." />
<meta property="og:url" content="https://dev.visitbratislava.com/sk/events/stat-na-mieste-mi-nesedi-citanie-poezie-ren-kindja-2/" />
<meta property="og:site_name" content="Visit Bratislava" />
<meta name="twitter:card" content="summary_large_image" />
<script type="application/ld+json" class="yoast-schema-graph">{"@context":"https:\/\/schema.org","@graph":[{"@type":"WebPage","@id":"https:\/\/dev.visitbratislava.com\/sk\/events\/stat-na-mieste-mi-nesedi-citanie-poezie-ren-kindja-2\/","url":"https:\/\/dev.visitbratislava.com\/sk\/events\/stat-na-mieste-mi-nesedi-citanie-poezie-ren-kindja-2\/","name":"Stáť na mieste mi nesedí: čítanie poézie Ren Kindja - Visit Bratislava","isPartOf":{"@id":"https:\/\/dev.visitbratislava.com\/sk\/#website"},"primaryImageOfPage":{"@id":"https:\/\/dev.visitbratislava.com\/sk\/events\/stat-na-mieste-mi-nesedi-citanie-poezie-ren-kindja-2\/#primaryimage"},"image":{"@id":"https:\/\/dev.visitbratislava.com\/sk\/events\/stat-na-mieste-mi-nesedi-citanie-poezie-ren-kindja-2\/#primaryimage"},"thumbnailUrl":"https:\/\/dev.visitbratislava.com\/wp-content\/uploads\/2026\/08\/1401320-383.jpg","datePublished":"2026-08-11T07:27:56+00:00","breadcrumb":{"@id":"https:\/\/dev.visitbratislava.com\/sk\/events\/stat-na-mieste-mi-nesedi-citanie-poezie-ren-kindja-2\/#breadcrumb"},"inLanguage":"sk-SK","potentialAction":[{"@type":"ReadAction","target":["https:\/\/dev.visitbratislava.com\/sk\/events\/stat-na-mieste-mi-nesedi-citanie-poezie-ren-kindja-2\/"]}]},{"@type":"ImageObject","inLanguage":"sk-SK","@id":"https:\/\/dev.visitbratislava.com\/sk\/events\/stat-na-mieste-mi-nesedi-citanie-poezie-ren-kindja-2\/#primaryimage","url":"https:\/\/dev.visitbratislava.com\/wp-content\/uploads\/2026\/08\/1401320-383.jpg","contentUrl":"https:\/\/dev.visitbratislava.com\/wp-content\/uploads\/2026\/08\/1401320-383.jpg"},{"@type":"BreadcrumbList","@id":"https:\/\/dev.visitbratislava.com\/sk\/events\/stat-na-mieste-mi-nesedi-citanie-poezie-ren-kindja-2\/#breadcrumb","itemListElement":[{"@type":"ListItem","position":1,"name":"Home","item":"https:\/\/dev.visitbratislava.com\/sk\/"},{"@type":"ListItem","position":2,"name":"Events","item":"https:\/\/dev.visitbratislava.com\/sk\/events\/"},{"@type":"ListItem","position":3,"name":"Stáť na mieste mi nesedí: čítanie poézie Ren Kindja"}]},{"@type":"WebSite","@id":"https:\/\/dev.visitbratislava.com\/sk\/#website","url":"https:\/\/dev.visitbratislava.com\/sk\/","name":"Visit Bratislava","description":"","potentialAction":[{"@type":"SearchAction","target":{"@type":"EntryPoint","urlTemplate":"https:\/\/dev.visitbratislava.com\/sk\/?s={search_term_string}"},"query-input":{"@type":"PropertyValueSpecification","valueRequired":true,"valueName":"search_term_string"}}],"inLanguage":"sk-SK"}]}</script>
<!-- / Yoast SEO plugin. -->

Stáť na mieste mi nesedí: čítanie poézie Ren Kindja - Visit Bratislava

Víno, poézia, záhrada. Po prvom vypredanom evente si teraz možno naživo vypočuť instagramovú poéziu Ren Kindja (predtým @renekouty) pod holým nebom v krásnej Prüger-Wallnerovej záhrade. Desiatky básní, príbehy o tom, ako vznikali, a k tomu pohár lokálneho vína. Viac informácií na Instagrame renkindja.
